nder when 3905422 is divided by 64023?
19
Calculate the remainder when 6438799 is divided by 2146181.
256
Calculate the remainder when 10670873 is divided by 1073.
961
What is the remainder when 126292020 is divided by 24?
12
What is the remainder when 77027 is divided by 2001?
989
What is the remainder when 378989 is divided by 17226?
17
Calculate the remainder when 102188 is divided by 17017.
86
What is the remainder when 12084950 is divided by 534?
530
What is the remainder when 21740294 is divided by 530251?
3
What is the remainder when 1673600 is divided by 278924?
56
What is the remainder when 7998 is divided by 2037?
1887
Calculate the remainder when 411020 is divided by 136998.
26
Calculate the remainder when 22780445 is divided by 69.
26
Calculate the remainder when 22546994 is divided by 964.
962
Calculate the remainder when 329376222 is divided by 26.
6
What is the remainder when 266772 is divided by 241?
226
Calculate the remainder when 22444425 is divided by 436.
17
What is the remainder when 5703377 is divided by 881?
664
Calculate the remainder when 444900 is divided by 24703.
246
What is the remainder when 1383294 is divided by 47689?
313
What is the remainder when 13211966 is divided by 629141?
5
What is the remainder when 300200 is divided by 949?
316
Calculate the remainder when 154355 is divided by 38551.
151
What is the remainder when 2241933 is divided by 560477?
25
What is the remainder when 134593 is divided by 310?
53
Calculate the remainder when 10265581 is divided by 1466510.
11
What is the remainder when 9119878 is divided by 105?
103
What is the remainder when 6990529 is divided by 63?
49
Calculate the remainder when 1891189 is divided by 21.
13
Calculate the remainder when 41523 is divided by 2526.
1107
What is the remainder when 4078799763 is divided by 527?
524
What is the remainder when 73889631 is divided by 102?
15
What is the remainder when 12317747 is divided by 2444?
2431
Calculate the remainder when 6977841 is divided by 1209.
702
What is the remainder when 42778 is divided by 386?
318
What is the remainder when 577025 is divided by 1127?
1
What is the remainder when 5706 is divided by 1591?
933
What is the remainder when 627996 is divided by 929?
921
What is the remainder when 2494767 is divided by 96?
15
What is the remainder when 745244 is divided by 1524?
8
Calculate the remainder when 501931654 is divided by 3508.
3506
Calculate the remainder when 616257 is divided by 5635.
2042
Calculate the remainder when 534013 is divided by 1079.
987
Calculate the remainder when 10326700 is divided by 2401.
2400
Calculate the remainder when 77829030 is divided by 19457243.
58
What is the remainder when 2431292 is divided by 270?
212
Calculate the remainder when 2618253 is divided by 1309123.
7
What is the remainder when 414212 is divided by 2526?
2474
Calculate the remainder when 1942765 is divided by 848.
845
Calculate the remainder when 76107 is divided by 37739.
629
Calculate the remainder when 2369 is divided by 1659.
710
What is the remainder when 96735140 is divided by 14?
12
Calculate the remainder when 1060914 is divided by 1060904.
10
Calculate the remainder when 1101184 is divided by 550505.
174
Calculate the remainder when 2795599 is divided by 5159.
4580
Calculate the remainder when 6782098 is divided by 444.
442
Calculate the remainder when 4053154 is divided by 251.
6
Calculate the remainder when 2165248368 is divided by 10006.
10004
Calculate the remainder when 377569 is divided by 377514.
55
What is the remainder when 1009048 is divided by 1805?
53
Calculate the remainder when 7161551 is divided by 531.
485
What is the remainder when 5178851 is divided by 112?
83
Calculate the remainder when 50453360 is divided by 729.
728
What is the remainder when 321085 is divided by 2378?
55
What is the remainder when 18772927 is divided by 195?
82
What is the remainder when 148605 is divided by 1171?
1059
What is the remainder when 3120149 is divided by 330?
329
Calculate the remainder when 6126308 is divided by 83.
78
Calculate the remainder when 6872215 is divided by 6125.
6090
Calculate the remainder when 189623 is divided by 8619.
5
What is the remainder when 1935641 is divided by 1854?
65
What is the remainder when 603045 is divided by 100190?
1905
Calculate the remainder when 179853374 is divided by 368.
366
Calculate the remainder when 46996179 is divided by 23498074.
31
Calculate the remainder when 456416 is divided by 192.
32
Calculate the remainder when 73662 is divided by 18108.
1230
What is the remainder when 11613214 is divided by 12582?
28
Calculate the remainder when 3630856 is divided by 118.
114
Calculate the remainder when 73494 is divided by 490.
484
Calculate the remainder when 15349 is divided by 1522.
129
What is the remainder when 683058 is divided by 40174?
100
What is the remainder when 64919905 is divided by 206?
35
What is the remainder when 328009 is divided by 2975?
759
Calculate the remainder when 2820520 is divided by 253.
76
Calculate the remainder when 2354819 is divided by 156.
155
Calculate the remainder when 8308902 is divided by 5.
2
Calculate the remainder when 94078448 is divided by 1742.
1738
Calculate the remainder when 5127007 is divided by 189.
4
What is the remainder when 172736 is divided by 172396?
340
What is the remainder when 1424061 is divided by 158229?
0
What is the remainder when 1449859 is divided by 483243?
130
Calculate the remainder when 9212 is divided by 1387.
890
Calculate the remainder when 2112956 is divided by 120.
116
What is the remainder when 83919644 is divided by 1048?
1044
What is the remainder when 4423755 is divided by 55?
50
What is the remainder when 35120084 is divided by 7?
6
What is the remainder when 376991 is divided by 34?
33
Calculate the remainder when 21850546 is divided by 7283515.
1
What is the remainder when 614636 is divided by 188?
64
What is the remainder when 61808908 is divided by 223?
221
Calculate the remainder when 960340 is divided by 239900.
740
Calculate the remainder when 1097618 is divided by 292.
282
Calculate the remainder when 3691979 is divided by 4303.
5
Calculate the remainder when 875760 is divided by 156.
132
What is the remainder when 420287 is divided by 3160?
7
Calculate the remainder when 12681459 is divided by 1679.
1651
Calculate the remainder when 18417207 is divided by 1873.
1871
What is the remainder when 416269422 is divided by 825?
822
What is the remainder when 1929215 is divided by 628?
627
Calculate the remainder when 11756 is divided by 2173.
891
Calculate the remainder when 318235 is divided by 317701.
534
What is the remainder when 2587885 is divided by 1940?
1865
Calculate the remainder when 16669677 is divided by 4396.
45
What is the remainder when 50701 is divided by 1572?
397
Calculate the remainder when 938576 is divided by 234639.
20
What is the remainder when 6548837 is divided by 67?
56
What is the remainder when 1848830 is divided by 92441?
10
Calculate the remainder when 5375433 is divided by 1791807.
12
Calculate the remainder when 2368271 is divided by 1153.
9
What is the remainder when 25839 is divided by 52?
47
What is the remainder when 312542 is divided by 4210?
1002
What is the remainder when 4076348 is divided by 1230?
128
What is the remainder when 4414856 is divided by 29045?
16
What is the remainder when 495258 is divided by 322?
22
Calculate the remainder when 13698843 is divided by 1141.
1138
Calculate the remainder when 95734372 is divided by 95734360.
12
Calculate the remainder when 172621 is divided by 56063.
4432
What is the remainder when 1823957 is divided by 227993?
13
Calculate the remainder when 4559134 is divided by 2460.
754
Calculate the remainder when 9869359 is divided by 37.
16
Calculate the remainder when 296576283 is divided by 148288138.
7
What is the remainder when 10039160 is divided by 2191?
2189
Calculate the remainder when 110133494 is divided by 2002427.
9
Calculate the remainder when 8201115 is divided by 9362.
3
What is the remainder when 70421 is divided by 13510?
2871
Calculate the remainder when 98101 is divided by 558.
451
What is the remainder when 18787265 is divided by 260934?
17
Calculate the remainder when 106235665 is divided